ghest common divisor of 60 and n.
12
Let h be -14 - -8 - (-3)/(-1). Let q be (-3)/h*-3 + 3. What is the greatest common factor of q and 10?
2
Let i be (-4)/(-3)*18/(-4). Let l(g) = g**3 + 7*g**2 + 3*g. Let a be l(i). Calculate the highest common factor of a and 2.
2
Suppose -8*h + 183 + 121 = 0. Let p be 2 - 1 - (0 - 23). Let v = h - p. What is the highest common factor of v and 126?
14
Let u(a) = a**2 - a - 12. Let f be u(-11). Calculate the greatest common divisor of f and 48.
24
Suppose 0 = 2*z - 26 - 22. Let y be 1012/24 - 4/z. What is the greatest common divisor of 6 and y?
6
Suppose -4*b = 7 - 3. Let t = b + 5. Suppose -t*v = 5*p - 11 - 50, 4 = v. Calculate the greatest common divisor of p and 99.
9
Let d = -17 + 50. Calculate the highest common divisor of d and 3.
3
Suppose 2*p - 64 = 42. Let z = p - 31. Suppose -v - 48 = -5*v + 4*j, -16 = -v + 5*j. What is the highest common divisor of z and v?
11
Let j(n) = n**3 - 5*n**2 + 5*n. Let r be j(4). Suppose -52 = -3*a - 16. What is the greatest common divisor of a and r?
4
Let b be (26/(-4))/(1/(-6)). Suppose -i = 4*s + 2*i - 96, 5*i + 96 = 4*s. Let k = b - s. Calculate the highest common factor of k and 60.
15
Suppose 0 = -0*u + u - 2. Suppose -u*i = 0, -3*z - 6*i = -5*i + 6. Let x(j) = -5*j - 2. Let m be x(z). What is the greatest common factor of 56 and m?
8
Suppose 0 = 2*r - 51 - 669. Suppose -16 + 4 = -2*o. Suppose t + r = o*t. What is the highest common divisor of t and 24?
24
Let n(p) = 5*p - 2. Let h be n(2). Suppose -3*t = -2*z - 22, 5*t - 5 = 8*z - 11*z. Calculate the greatest common factor of h and t.
4
Suppose -2*n - 23 - 5 = -b, -n - 41 = -2*b. Let v be (6/(-1))/((-2)/60). Calculate the highest common factor of v and b.
18
Let o(h) = -h**3 + 10*h**2 - 3*h - 10. Let c be o(9). Calculate the highest common divisor of 11 and c.
11
Let q(r) = -r - 8. Let n be q(-8). Suppose h - 2 - 1 = n. Suppose -2*j + 40 = 5*v, 0 = -3*v + v + 3*j - h. Calculate the highest common divisor of v and 12.
6
Suppose -5*v = -2*h - 0*h - 35, h = 0. What is the highest common factor of 7 and v?
7
Let p = -50 - -26. Let o(y) = -9*y**2 + y - 1. Let b be o(2). Let g = p - b. Calculate the greatest common factor of g and 99.
11
Let y(s) = 279*s + 1. Let b be y(1). Suppose 0*t - 5*t = -b. What is the greatest common divisor of 14 and t?
14
Suppose -8*s = -4*s + 3*x - 47, 0 = -4*x + 20. Calculate the greatest common factor of 2 and s.
2
Let r(k) = -k**3 + 6*k**2 - 5*k. Let l be r(4). What is the greatest common divisor of 108 and l?
12
Let r be (-3 + 1)/((-1)/5). Let g(m) = -m**3 + 5*m**2 + 10*m - 9. Let d be g(6). What is the greatest common divisor of r and d?
5
Let f be 0 + 122 + (0 - 1). Let y(u) = -3*u**2 - 5*u - 2. Let l be y(-3). Let q = l - -25. Calculate the highest common divisor of f and q.
11
Let r = 3 - 1. Suppose 0 = m - 3*w - 3 - 11, r = 2*w. Calculate the highest common factor of 68 and m.
17
Suppose 3*a = 2*a + 135. Let x(c) = c**3 + 9*c**2 + 14*c - 15. Let u be x(-5). Calculate the highest common divisor of a and u.
15
Let m be (-6)/((-6)/(-2)) - 1. Let p be (2 - 3)*m + -1. Suppose p*w + 145 = 453. Calculate the highest common factor of w and 14.
14
Let s = 9 - 5. Let p be -2 + s/((-2)/(-1)). Suppose p = 3*m - 0*m - 5*a - 27, -a + 9 = m. Calculate the greatest common divisor of 36 and m.
9
Let v = 3 + 9. Let r = 22 - v. Suppose 0*w - r = -w. Calculate the greatest common factor of w and 80.
10
Let w = 3 + -3. Suppose -2*g + y = -55, -4*g + w*g - 4*y = -92. Suppose m = 5*o, 0 = -2*m + o - 4*o + g. What is the greatest common divisor of m and 4?
2
Suppose 0 = y - 5 - 4. What is the highest common factor of y and 117?
9
Let i be -3*3/9*-121. Calculate the highest common divisor of 11 and i.
11
Suppose 0 = -g - 2*g + 27. Calculate the highest common divisor of g and 9.
9
Suppose f - y + 11 = -4*y, 0 = 4*f - y - 8. Calculate the greatest common divisor of f and 4.
1
Suppose 0 = 5*v + 3*f - 202, -3*v + v = -3*f - 64. Let y = v - -6. Calculate the highest common divisor of 4 and y.
4
Let g = -180 + 333. Let w(n) = n**3 + 5*n**2 - 4*n - 3. Let h be w(-5). What is the greatest common divisor of g and h?
17
Let u = 5 + -3. Suppose u*s = -s + 21. Suppose -t + s = -0*t. Calculate the highest common divisor of 49 and t.
7
Let m = 28 + -15. Let v = m - 4. What is the greatest common divisor of v and 72?
9
Let r = 9 - 7. Suppose -l - 2*c = -4*c - 14, 56 = 4*l - r*c. Calculate the highest common divisor of 28 and l.
14
Suppose -5*n - 7 + 37 = 0. Let q(i) = 2*i**2 + 4*i. Let v be q(n). Calculate the greatest common factor of v and 64.
32
Let o(l) = -l + 6 - 1 + 2*l**2 - l**2. Let j be o(4). Suppose 0*d = -d + 4, -m + j = 3*d. Calculate the highest common divisor of m and 2.
1
Let p(j) = j**3 - 4*j**2 + j + 3. Let l be p(4). Let b = 46 - -24. Suppose d - 6*d = -b. What is the greatest common factor of l and d?
7
Suppose 3*y - 1 = 5*q + 4*y, -2*y - 2 = 0. Suppose 2*f + 95 = 5*w, w - 2*f + q*f = 27. Calculate the highest common factor of w and 51.
17
Let u(n) = -84*n + 4. Let t(j) = 85*j - 3. Let c(x) = 4*t(x) + 3*u(x). Suppose -b = -4*b + 6. Let w be c(b). What is the highest common factor of w and 16?
16
Suppose -j = -3*j + 104. Let s be 2/4 + (-100)/(-8). Calculate the greatest common factor of s and j.
13
Let y(u) = u - 2. Let k be y(6). Let g(a) = a**3 - 2*a**2 + a - 2. Let f be g(3). What is the greatest common factor of k and f?
2
Let i(z) = z**2 + 7*z. Let c be i(3). What is the greatest common factor of 210 and c?
30
Let a be (-20)/110 - (-1)/(22/1236). What is the highest common factor of a and 14?
14
Let d(t) = t**3 - 12*t**2 + 12*t + 13. Let j be d(11). Suppose -4*r = j - 244. What is the greatest common factor of 11 and r?
11
Suppose 191 = 8*c - 25. Suppose -3*t + 18 = -2*t. Calculate the greatest common factor of t and c.
9
Suppose 5*m + 4*v = v + 31, -v - 23 = -5*m. Suppose 258 = 3*c - 3*z, 2*z + 420 = m*c - z. What is the highest common divisor of 9 and c?
9
Let s be 2 - -9*8/12. Let v(n) = 7*n - 6. Let z be v(s). Calculate the highest common factor of z and 10.
10
Suppose -14 = 5*m + 1, 0 = -u - 3*m + 7. Calculate the greatest common divisor of 112 and u.
16
Let q(x) = 7*x**2 + 3*x - 3. Let k be q(5). Calculate the highest common divisor of 17 and k.
17
Let b be 29 - (-4 - (-3)/3). Suppose -t - 7 = -b. What is the highest common factor of 200 and t?
25
Suppose -n + 3*h + 45 = 2*n, 0 = -5*n + h + 63. What is the greatest common divisor of n and 12?
12
Let i(m) = 0 - 5 - 2*m - 4. Let j be ((-4)/8)/((-1)/(-18)). Let h be i(j). Calculate the highest common divisor of 63 and h.
9
Let o(x) = x - 5. Let k be o(5). Suppose 4 = 2*s - k. Calculate the highest common divisor of s and 18.
2
Let q be (-14)/(-49) + (-166)/(-7). What is the greatest common factor of q and 16?
8
Let v be (-8)/(-10) + 262/10. Calculate the highest common factor of 3 and v.
3
Suppose 0 = -4*p + 40 + 32. Calculate the highest common factor of p and 18.
18
Suppose -10*r = -5*r - 75. Calculate the greatest common factor of r and 15.
15
Let d = 7 - 5. Suppose -5*g + d*y - 3*y = -30, 3*g + 2*y - 18 = 0. Calculate the highest common factor of g and 48.
6
Let w be (-7 + (-6)/3)*-1. Let y(j) = j**3 - 6*j**2 + 3*j - 6. Let s be y(6). Suppose -3*m = -s - 15. Calculate the highest common factor of m and w.
9
Let s be (-4 + 19)/(-5)*-1. Calculate the greatest common divisor of s and 15.
3
Suppose 0 = 2*o - 0*o - 72. Suppose -5*b = -3*r - 120, 3*r - 120 = -5*b - r. Calculate the greatest common factor of o and b.
12
Let x(j) = -2*j - 8. Let l be x(-8). Let d be (18/l)/(11/44). Suppose -3*v + 218 = -5*w, -4*v - 8*w + 349 = -3*w. What is the greatest common factor of v and d?
9
Suppose 0*l = l + 3. Let f be (-2)/3 - 8/l. Suppose 0*z - f*z = j - 91, -4*j + 4 = 0. What is the greatest common factor of 18 and z?
9
Suppose -18 = -h + 21. Let u be 1*(-2)/(-2) - -18. Let y = h - u. What is the highest common divisor of 5 and y?
5
Let y = -168 - -176. Suppose 29 = 2*k - 19. What is the greatest common divisor of k and y?
8
Suppose -1 = x - 2. Suppose 0 = 3*j + 14*j - 51. What is the greatest common factor of x and j?
1
Let o = 386 - 254. What is the greatest common factor of o and 12?
12
Suppose 4*l + w = 4, 0*w - 6 = -5*l - w. What is the greatest